t r(w) = w**3 + 35*w**2 - 199*w + 9. What is r(5)?
14
Let y(c) = c**3 - 352*c**2 - 4340*c - 10180. Calculate y(364).
12
Let y(v) = -45*v**2 + 148*v + 538. Calculate y(-4).
-774
Let f(o) = 3881*o + 183. Determine f(0).
183
Let k(f) = 29223*f + 18615051. Calculate k(-637).
0
Let f(a) = 3*a**3 - 21*a**2 - 12*a + 1164. Determine f(12).
3180
Let l(r) = -r**2 - 1588*r + 9562. Determine l(6).
-2
Let h(d) = 2*d**3 + 595*d**2 + 299*d + 536. Determine h(-297).
-58
Let y(z) = -4*z**2 - 1246*z - 27942. Give y(-289).
-1932
Let o(t) = 77*t**2 + 7850*t - 161. What is o(-102)?
247
Let t(y) = -20*y**2 - 4423*y + 4070. Give t(-222).
296
Let t(j) = 44*j**2 - 1039*j - 5190. Give t(-5).
1105
Let l(k) = -1574*k + 4832. What is l(4)?
-1464
Let w(a) = -14*a**2 + 120*a - 352. Calculate w(3).
-118
Let f(x) = -9*x**3 + 784*x**2 - 12492*x - 84. Calculate f(21).
-21
Let v(f) = f**3 - 54*f**2 + 64*f - 2785. Give v(54).
671
Let v(f) = -8*f**3 + 73*f**2 + 3*f - 224. Give v(6).
694
Let b(s) = 4*s**2 + 1713*s + 20497. Give b(-12).
517
Let l(z) = -217*z + 7694. What is l(37)?
-335
Let g(k) = -96921*k + 290846. Give g(3).
83
Let p(q) = -q**2 + 5951*q - 4681820. Give p(933).
-26
Let x(k) = -31709*k + 285364. Calculate x(9).
-17
Let w(m) = 367*m - 4098. What is w(5)?
-2263
Let f(h) = -6022*h - 210482. Calculate f(-35).
288
Let x(s) = 2*s**2 + 162*s + 766. Determine x(-5).
6
Let z(y) = -881*y - 49346. Give z(-56).
-10
Let x(v) = 52042*v + 520627. Determine x(-10).
207
Let u(y) = -12206*y - 463785. Calculate u(-38).
43
Let k(n) = -n**2 - 163*n + 31366. What is k(118)?
-1792
Let p(j) = -202*j**3 + 12522*j**2 + 134*j - 608. Calculate p(62).
12
Let j(q) = -q**2 + 3142*q - 2326670. Determine j(1195).
-5
Let f(c) = c**3 - 108*c**2 + 2863*c - 689. Calculate f(62).
-7
Let m(d) = -3*d**3 + 23*d**2 + 173*d - 1032. What is m(10)?
-2
Let l(j) = 656*j - 65591. What is l(100)?
9
Let q(j) = 579326*j - 579346. Determine q(1).
-20
Let w(p) = 2*p**2 - 977*p + 55496. Give w(422).
-630
Let y(u) = -15880*u - 301679. What is y(-19)?
41
Let h(r) = -3*r**2 + 243*r - 412. Determine h(81).
-412
Let p(y) = 6*y**2 - 1409*y - 25996. What is p(252)?
-40
Let v(g) = -130*g**2 - 302*g - 118. Calculate v(-2).
-34
Let m(j) = -2091*j**2 - 4*j - 28. Calculate m(0).
-28
Let z(a) = -a**3 - 16*a**2 - a - 269. Calculate z(-15).
-479
Let w(a) = 47*a**3 + 520*a**2 + 41*a + 81. Calculate w(-11).
-7
Let j(d) = -179213*d + 179197. Determine j(1).
-16
Let l(q) = 64*q - 338. Determine l(5).
-18
Let a(s) = -2206*s**2 + 1857*s - 3. Determine a(1).
-352
Let g(d) = -17*d**2 - 3997*d + 1618. Calculate g(-236).
-1922
Let j(p) = -1395*p - 55795. What is j(-40)?
5
Let u(f) = 9*f**2 + 5576*f + 13763. Determine u(-617).
-428
Let v(s) = -29970*s + 121194. Give v(4).
1314
Let u(i) = -2*i**3 - 1204*i + 3636. Calculate u(3).
-30
Let u(v) = -v**2 - 203*v - 2062. Determine u(-192).
50
Let a(p) = 10*p**3 + 28*p**2 - 98*p - 2. Determine a(2).
-6
Let a(i) = 2*i**2 - 745*i - 79979. Calculate a(-87).
-26
Let g(h) = 18277*h - 75000. Determine g(4).
-1892
Let x(a) = -98*a**2 + 889*a - 70. Determine x(9).
-7
Let o(n) = 2*n**3 - 163*n**2 - 2015*n + 288. Give o(-11).
68
Let t(v) = 10*v**2 - 227*v - 460. Give t(-2).
34
Let i(v) = 29918*v + 46. Calculate i(0).
46
Let z(i) = -84*i - 12701. Determine z(-150).
-101
Let h(r) = 3*r**2 + 162*r + 243. What is h(-52)?
-69
Let s(w) = -1739*w + 12209. Calculate s(7).
36
Let s(p) = -9*p**3 - 1690*p**2 + 381*p + 811. Give s(-188).
-129
Let h(t) = 6*t**2 + 302*t + 1182. Give h(-4).
70
Let p(w) = -244*w - 29096. Determine p(-120).
184
Let y(t) = -t**3 - 30*t**2 + 45*t - 1891. Determine y(-33).
-109
Let f(v) = -20703*v - 82805. Give f(-4).
7
Let s(o) = o**3 + 31*o**2 - 276*o - 2047. Determine s(-37).
-49
Let w(z) = -400*z**2 + 687*z + 1382. Determine w(-2).
-1592
Let h(v) = 148416*v - 1038917. Determine h(7).
-5
Let x(t) = -4*t**3 + 61*t**2 + 2*t - 580. What is x(15)?
-325
Let q(y) = 785*y + 16667. What is q(-22)?
-603
Let g(v) = 76*v**2 + 39520*v - 70. Give g(-520).
-70
Let p(l) = -16*l**3 + 267*l**2 + 112*l - 465. Give p(17).
-6
Let g(n) = n**2 + 48*n + 94. Calculate g(-11).
-313
Let g(x) = 546*x - 8179. Give g(15).
11
Let s(b) = -5670*b - 567000. Calculate s(-100).
0
Let i(h) = 2*h**2 + 381*h + 15985. What is i(-45)?
2890
Let a(t) = 2*t**3 - 217*t**2 - 1746*t + 702. Determine a(116).
6
Let j(h) = 10*h**2 - 11688*h + 20951. Calculate j(1167).
-55
Let s(c) = c**3 + 81*c**2 - 68*c - 3990. Determine s(-82).
-5138
Let w(u) = -451*u**2 - 73969*u - 637. Give w(-164).
183
Let c(x) = -6*x**2 + 484*x + 4334. Give c(89).
-116
Let m(b) = -89*b**2 + 5878*b - 178. What is m(66)?
86
Let f(p) = -232*p - 6184. What is f(-23)?
-848
Let w(p) = -7*p**3 + p**2 - 223*p - 672. Determine w(-3).
195
Let s(q) = q**2 + 92*q + 3428. Calculate s(-35).
1433
Let g(m) = -m**3 - 3*m**2 - 93*m - 651. What is g(-7)?
196
Let s(w) = w**2 - 29*w + 425. Determine s(16).
217
Let j(y) = -173*y + 4454. Determine j(33).
-1255
Let i(f) = -f**2 - 5312*f + 85258. Determine i(16).
10
Let w(d) = d**2 + 59648*d + 5479162. What is w(-92)?
10
Let j(m) = 16*m**2 + 80*m + 31. Determine j(-6).
127
Let a(q) = 2*q**3 + 49*q**2 - 118*q - 6257. Give a(-16).
-17
Let y(p) = -p**2 - 496*p - 3462. Determine y(-7).
-39
Let y(l) = -10838*l - 108396. Calculate y(-10).
-16
Let m(i) = -i**2 - 1004*i + 175448. Calculate m(152).
-264
Let l(v) = -6970*v - 313703. Determine l(-45).
-53
Let s(a) = -43*a**3 + 2*a**2 - 9*a - 130. Give s(0).
-130
Let l(q) = 171*q**2 - 1022*q - 21. Determine l(6).
3
Let s(z) = -13*z**3 - 126*z**2 - 17*z - 313. Give s(-10).
257
Let l(h) = 45499*h + 7143323. What is l(-157)?
-20
Let f(g) = -7155*g - 92981. Determine f(-13).
34
Let x(p) = -57023*p - 342157. Give x(-6).
-19
Let p(f) = 267*f**2 - 56073*f + 623. Determine p(210).
-7
Let s(k) = -k**3 - 150*k**2 + 968*k + 96. Determine s(6).
288
Let q(h) = 1380*h - 129713. What is q(94)?
7
Let t(f) = 198*f + 5033. Determine t(-29).
-709
Let o(a) = -2*a**2 - 4895*a + 9786. Determine o(2).
-12
Let f(p) = -997*p - 950. Give f(-3).
2041
Let n(x) = -4*x**3 + 26*x**2 + 132*x - 386. Determine n(9).
-8
Let z(s) = s**3 + 47*s**2 - 290*s - 82. Calculate z(8).
1118
Let x(s) = 4172*s + 104314. What is x(-25)?
14
Let i(n) = -4700*n - 399499. What is i(-85)?
1
Let t(q) = -q**2 + 3846*q + 117585. Determine t(-30).
1305
Let j(w) = -3*w**2 - 360*w - 250. Determine j(-114).
1802
Let y(r) = -1616*r + 911410. Determine y(564).
-14
Let n(p) = -8*p**3 - 94*p**2 + 7*p - 16. What is n(-10)?
-1486
Let c(o) = 7*o**2 + 5124*o - 30761. Determine c(6).
235
Let s(k) = -117*k**3 + 9*k**2 - 17*k - 8. Give s(2).
-942
Let m(a) = -37*a**3 - 6*a**2 + 139*a + 403. Calculate m(-3).
931
Let t(s) = -2469*s**2 - 29630*s - 17. Calculate t(-12).
7
Let p(o) = o**3 + 30*o**2 - 323*o + 291. Determine p(1).
-1
Let r(b) = -4*b**3 - 135*b**2 - 1106*b - 38702. Calculate r(-34).
58
Let v(x) = 12200*x - 134252. What is v(11)?
-52
Let t(r) = -1793*r + 7183. Determine t(4).
11
Let c(f) = 9305*f - 911886. Calculate c(98).
4
Let v(u) = -4*u**3 - 91*u**2 - 13*u + 535. Calculate v(-21).
-2279
Let o(b) = 2*b**3 + 4*b**2 - 135*b - 1091. Give o(-8).
-779
Let t(r) = -69965*r + 629513. Give t(9).
-172
Let q(t) = 3499*t - 14028. Determine q(4).
-32
Let l(t) = -t**3 - 61*t**2 + 31*t - 6270. What is l(-63)?
-285
Let p(g) = -g**3 - 29*g**2 - 52*g - 102. Give p(-28).
570
Let d(n) = -28*n**2 + 628*n + 2975. Calculate d(-4).
15
Let i(p) = 3*p**3 - 69*p**2 - 556*p - 670. What is i(-5)?
10
Let k(w) = -w**2 - 58*w + 2649. What is k(30)?
9
Let d(z) = -348*z**3 + 19139*z**2 + 36*z + 1051. Give d(55).
6
Let m(v) = -19*v**3 - 30*v**2 - 53*v + 98. Calculate m(2).
-280
Let u(p) = 8808*p + 44074. What is u(-5)?
34
Let r(j) = 2*j**3 + 11*j**2 - 70*j + 234. What is r(-10)?
34
Let m(u) = 4*u**2 - 92*u - 1522. Calculate m(-10).
-202
Let y(x) = 1470*x**2 + 59*x - 3. Calculate y(-1).
1408
Let p(c) = 7*c**2 + 1059*c - 17103. Give p(-166).
-5
Let b(a) = 6*a**2 - 24167*a + 72435. Determine b(3).
-12
Let p(s) = 154*s**2 + 4310*s - 17. Determine p(-28).
39
Let w(f) = 18629*f + 16654328. Give w(-894).
2
Let c(q) = -32*q + 1536. Determine c(-23).
2272
Let a(j) = -j**3 + 30*j**2 - 116*j + 1563. What is a(28)?
-117
Let i(p) = -p**3 + 63*p**2 + 1256*p - 104. What is i(-16)?
24
Let p(v) = -v**3 + 17*v**2 + 